Suppose 0*w = 2*u + 2*w - 54, -115 = -g*u - w. List the prime factors of u.
2, 11
Suppose -4*j + 3*t = -100 - 372, -4*t + 16 = 0. List the prime factors of j.
11
Let q be 2/((-2)/9)*1. Let i = -1 - q. What are the prime factors of i?
2
Let g(u) = -3*u - 3. Let h be g(-2). Suppose 0 = -h*o - 11 + 59. What are the prime factors of o?
2
Let a = 17 + -12. Suppose -5*q - 4 = -a*z - 3*q, 1 = 2*z - q. Suppose -x = z - 14. List the prime factors of x.
2, 3
Suppose 2*l = -3*l - 5. List the prime factors of ((-22)/(-8))/(l/(-16)).
2, 11
Suppose -5*f = -f. Let y = f + -3. Let s = y - -5. List the prime factors of s.
2
Suppose -5*c + b - 2 = 0, 4*c + 6 = 3*c + 3*b. Suppose c = 3*u + 27 - 114. Suppose 0 = -2*m + o + 2*o + u, 3*m - 49 = -o. List the prime factors of m.
2
Let a = -5 + 9. List the prime factors of a/6 - 20/(-6).
2
What are the prime factors of (-531)/12*8/(-2)?
3, 59
Let l(t) = 6*t**2 - 5*t + 4. List the prime factors of l(3).
43
Let r(z) = 4*z**2 + 2*z + 1. Let g be r(-1). Suppose 2*a + a = -2*c + 12, -18 = -g*c + 2*a. What are the prime factors of c?
2, 3
Let k be (-4)/(-8) + (-1)/(-2). Suppose -3*t - 28 = -k. Let r(v) = v**3 + 9*v**2 - v - 7. List the prime factors of r(t).
2
Let m be 2/(1/(3 - 2)). Suppose 4*j = m*j + 8. List the prime factors of j.
2
Let m = -1 - -3. Suppose 3*x - 151 = k, -x + 4*k + 1 + 31 = 0. Suppose -5*s - m*z = -35, 5*z = -4*s - 7 + x. List the prime factors of s.
5
Let t be (-1 - -7)*10/4. Let j = -1 + t. What are the prime factors of j?
2, 7
Let y(o) = o**3 - 7*o**2 + 4*o + 4. Let n be y(6). Let t(w) = w**3 + 8*w**2 + w + 8. Let z be t(n). Let l = z + 7. List the prime factors of l.
7
Let v(z) = z**3 + z**2 - 2. Suppose 0*t = -t + 2. List the prime factors of v(t).
2, 5
Let b be (-5)/1*-17 + 0. Suppose -5*i + b = -0*i. List the prime factors of i/4 - 3/12.
2
Let n = -30 + 51. Let p = 34 - n. Let h = p - 7. List the prime factors of h.
2, 3
Let i = -78 - -144. What are the prime factors of i?
2, 3, 11
List the prime factors of 4*7/(-14)*302/(-2).
2, 151
Let o = 11 + -15. Let p(f) = 3*f**2 + 3*f - 5. List the prime factors of p(o).
31
Let z = 41 + -32. What are the prime factors of z?
3
Suppose -2*v - v - 4*l - 11 = 0, -2*l - 10 = 0. List the prime factors of v.
3
Let o(l) = l**3 - 3*l**2 - 5*l - 2. Let i be o(5). Let v = 0 + -10. Let w = i + v. What are the prime factors of w?
13
Let h(j) = 2 + 3*j - 1 - 7. Suppose -3*y + 9 = -i - 2*i, -4*y - 5*i = -21. What are the prime factors of h(y)?
2, 3
Suppose -w - 1 = -19. Let d = w + -7. List the prime factors of d.
11
Let b(v) = 2*v**2 + v - 2. Let o be b(-2). Suppose -5*i + 2*j + 60 = j, 0 = o*j. List the prime factors of i.
2, 3
Let i(w) = -w**2 - w - 5. Suppose -u - u = 0. Let s be i(u). List the prime factors of (0 + s)*6/(-3).
2, 5
Let a = 105 + 160. What are the prime factors of a?
5, 53
Let n be (-2)/3*45/(-10). Suppose -n*h - 14 = -38. What are the prime factors of h?
2
Suppose 3*g + 4*o = 6, 5*g - 8 = 5*o + 2. Suppose 0 = g*l - l - 2. What are the prime factors of ((-3)/(-6))/(l/60)?
3, 5
Let t be (-4)/12 + (-17)/3. Let i(l) = -7*l - 7. Let v be i(t). Suppose 4*f = 9*f - v. What are the prime factors of f?
7
Suppose -44 = -2*o + k, 5*o + 10*k = 5*k + 95. List the prime factors of (o/6)/((-2)/(-4)).
7
Suppose 3*p - 4*j - 2 = 24, 3*j = p - 2. What are the prime factors of p + 1/(-2)*2?
13
Suppose -1096 + 208 = -8*j. List the prime factors of j.
3, 37
Let g = 12 + -8. Suppose 0*a - g*a - b = -20, 5*a + 3*b - 32 = 0. Suppose 0*j = -a*j + 40. What are the prime factors of j?
2, 5
Let a(o) = 2*o**3 - 7*o**2 - 6*o - 14. What are the prime factors of a(7)?
7, 41
Suppose -162 + 942 = 5*q. List the prime factors of q.
2, 3, 13
Suppose -172 = -4*h + 92. Suppose -h = -5*j - 6. List the prime factors of j.
2, 3
List the prime factors of ((-627)/6 - -5)*1*-2.
199
Suppose -4*w = -4*g + 288, -w - w = 4*g - 288. What are the prime factors of g?
2, 3
Suppose 21 + 3 = 4*t. Suppose -3*v - 6 = -t*v. What are the prime factors of v?
2
Let w = -8 - -77. What are the prime factors of w?
3, 23
Let h(w) = -w**2 + 6*w + 5. Let m be h(8). Let g = 34 + -17. Let b = m + g. What are the prime factors of b?
2, 3
Suppose -3*p = -12, 2*p - 8 = w + 2. Let u = w + 14. What are the prime factors of u?
2, 3
Let g(f) = -f**2 - 4*f - 3. Let q be g(-3). Let s be (3/1 + -4)*q. Let d = 4 - s. What are the prime factors of d?
2
Suppose -2*u - 87 = -5*u. List the prime factors of u.
29
Suppose 17*s + 60 = 18*s. List the prime factors of s.
2, 3, 5
Let i(n) = -n**2 - 16*n - 12. Let u be i(-15). Suppose 5*g = 2*g - 4*z + 49, 0 = u*g - z - 44. What are the prime factors of g?
3, 5
Suppose -5*p - 13 = -33. Suppose 0 = p*c + 32 + 16. Let r = 3 - c. List the prime factors of r.
3, 5
Let f(h) = -h**3 - h + 193. List the prime factors of f(0).
193
Suppose t - 2*d + 3 - 4 = 0, -2*d + 5 = -3*t. Let o(i) = i**3 + 5*i**2 - 2*i - 4. List the prime factors of o(t).
2, 5
Let o(y) = -2*y + 4. Let n(u) = -u - 7. Let i = -12 + 9. Let p be n(i). What are the prime factors of o(p)?
2, 3
Let i be 5*(2 - (-8)/(-5)). Let g = 6 + -8. What are the prime factors of 2/g*(-7 - i)?
3
Let k(l) be the first derivative of l**4/4 - l**3/3 - 5*l**2/2 - 3*l - 1. Let g be k(-3). What are the prime factors of g/(-2) + (0 - 1)?
11
Suppose -w = -2*w. Suppose w = m - 5*q - 38, 3*q = 4*m - 50 - 34. What are the prime factors of m?
2, 3
Let x be (-236)/(-16) - (-2)/8. Suppose -5*v + 5 = -x. What are the prime factors of v?
2
Suppose 2*p + 3*g - 4 = 0, 6*p = p - 2*g + 10. Let k(z) = -9*z - 2. Let c be k(p). List the prime factors of (72/c)/((-2)/5).
3
Let k be 4/(-6)*(-15)/(-10). What are the prime factors of (-500)/(-10) + 0 + k?
7
Let m(f) = f**2 - 2*f + 2. What are the prime factors of m(13)?
5, 29
What are the prime factors of 0 - 4 - -1*(231 + -8)?
3, 73
Let y(z) = 3*z. Let c be y(2). Suppose -c*n + n = -20. Suppose 9 = 3*q - 3*r, 5*r - n*r = -5*q + 27. What are the prime factors of q?
5
Suppose 0*d = -5*d - 60. Let c = 21 - d. Suppose 0*t = -3*t + c. What are the prime factors of t?
11
Let m = -2 - -3. Let p be 4 + (0 - 1 - m). Suppose 0 = h - p. What are the prime factors of h?
2
Suppose -3*y - 4 = 2*z + 3, 2*z - 3*y + 13 = 0. Let g(l) = -6*l - 3*l**2 - 2 + 0*l**2 + 2*l**2. List the prime factors of g(z).
3
Let c(r) = r**3 + 12*r**2 + 11*r + 7. List the prime factors of c(-9).
151
What are the prime factors of (-6)/9*-3*(5 - 3)?
2
Let b(t) = t**3 - 7*t**2 + 2*t + 7. Let z be b(6). Let q = z + 29. What are the prime factors of q?
2, 3
Let f be 432/42 + (-2)/7. Let t = f - -4. List the prime factors of t.
2, 7
Let s be 102/(3 - (1 + 0)). Let v = -3 - -3. Suppose 0 = -l - v*h + h + 3, 0 = 5*l + 4*h - s. What are the prime factors of l?
7
Let z(g) = -2*g - 1. Let s be z(-2). Let f(y) = y**2 - 4*y + 3. Let a be f(s). Suppose a = 3*x + 3, 6 = m - x - 2*x. List the prime factors of m.
3
Let d = -146 - -254. List the prime factors of d.
2, 3
Let r = 9 - 24. Let x(z) = -z**3 - 15*z**2 - z - 3. What are the prime factors of x(r)?
2, 3
Let s(x) = 168*x**2 - 5*x + 4. List the prime factors of s(1).
167
Let y(s) be the second derivative of s**4/12 + s**3/6 + 3*s**2/2 - 2*s. What are the prime factors of y(-3)?
3
Suppose 15 = 2*r + 3. What are the prime factors of r?
2, 3
Let f(a) be the third derivative of a**5/5 - 7*a**4/24 - 5*a**3/6 + a**2. Let d be f(-4). List the prime factors of 2/5 - d/(-25).
3
Let g(c) = -c**3 - 9*c**2 - 30*c - 8. List the prime factors of g(-9).
2, 131
Suppose 4*u + 4*s - 6 = 3*u, 2*u - 5*s = -1. Suppose -48 = -u*d + o, d + 5*o - 53 = -18. List the prime factors of d.
5
Suppose j - 8 = 5*j - x, 2*x = 0. Let v = 7 - 4. What are the prime factors of (-3)/(j/4*v)?
2
Let p(u) = -2*u + 30. List the prime factors of p(-14).
2, 29
Let p(n) = 15*n - 48. List the prime factors of p(7).
3, 19
List the prime factors of (-786)/(-4) + ((-13)/2 - -7).
197
Suppose 0 = -6*f + 39 + 105. List the prime factors of f.
2, 3
Let i = -9 - -13. Suppose -i*s + 15 + 33 = 0. List the prime factors of s.
2, 3
What are the prime factors of (6 - 3) + (44 - 1)?
2, 23
Suppose 0 = -2*g - 3*g + 60. Suppose 0*a = -a + g. List the prime factors of a.
2, 3
Suppose -3*t + 10 = -8*t. List the prime factors of (1/t)/(2/(-28)).
7
Let y = -2 + 5. Let d(a) = a + 4*a